 are the prime factors of 6283595541?
3, 10639, 196873
What are the prime factors of 14014858?
2, 11, 13, 49003
List the prime factors of 125599511.
367, 342233
What are the prime factors of 95513432?
2, 7, 1705597
List the prime factors of 968052250.
2, 5, 11, 17, 20707
List the prime factors of 6163039756.
2, 67, 22996417
What are the prime factors of 59729207?
83, 239, 3011
List the prime factors of 841294834.
2, 163, 2580659
What are the prime factors of 26887496?
2, 3360937
What are the prime factors of 6312990787?
19, 332262673
List the prime factors of 425398766.
2, 13, 167, 97973
What are the prime factors of 53346155?
5, 89, 313, 383
List the prime factors of 4629644.
2, 17, 103, 661
What are the prime factors of 65960825?
5, 7, 37, 61, 167
List the prime factors of 229800809.
7, 79, 415553
List the prime factors of 43564885.
5, 7, 13, 95747
What are the prime factors of 23154966?
2, 3, 1286387
What are the prime factors of 61427843?
61427843
What are the prime factors of 3818952684?
2, 3, 11786891
What are the prime factors of 113704009?
113704009
List the prime factors of 3553698696.
2, 3, 148070779
List the prime factors of 219176682.
2, 3, 17, 2148791
What are the prime factors of 48713505?
3, 5, 3247567
List the prime factors of 53268180.
2, 3, 5, 7, 53, 2393
What are the prime factors of 60810933?
3, 31, 653881
List the prime factors of 56440427.
56440427
What are the prime factors of 247277909?
59, 4191151
What are the prime factors of 915265828?
2, 67, 71, 103, 467
List the prime factors of 37186775.
5, 1487471
What are the prime factors of 15312844?
2, 41, 93371
What are the prime factors of 20917546?
2, 13, 804521
List the prime factors of 1655579121.
3, 7, 1993, 5651
What are the prime factors of 4021556079?
3, 1340518693
List the prime factors of 949227569.
1181, 803749
List the prime factors of 726884162.
2, 41, 2879, 3079
List the prime factors of 218867047.
7, 31266721
What are the prime factors of 201560623?
11, 179, 102367
List the prime factors of 1868183498.
2, 934091749
List the prime factors of 581380329.
3, 307, 631249
What are the prime factors of 3840315?
3, 5, 256021
What are the prime factors of 300015236?
2, 59, 1271251
What are the prime factors of 3762808854?
2, 3, 7, 263, 340649
What are the prime factors of 781102847?
7, 73, 1528577
What are the prime factors of 88293869?
17, 41, 131, 967
List the prime factors of 88854940.
2, 5, 107, 41521
What are the prime factors of 44125212?
2, 3, 3677101
List the prime factors of 6494183501.
13, 37, 13501421
What are the prime factors of 1231389096?
2, 3, 7, 47, 277, 563
List the prime factors of 531738014.
2, 265869007
What are the prime factors of 588557192?
2, 1069, 68821
What are the prime factors of 1276939432?
2, 673, 237173
What are the prime factors of 4557041271?
3, 4933, 102643
What are the prime factors of 797606414?
2, 11, 36254837
List the prime factors of 62168947.
53, 491, 2389
List the prime factors of 3234830032.
2, 7, 23, 1255757
What are the prime factors of 41579477?
41579477
List the prime factors of 426529231.
59, 197, 36697
List the prime factors of 383688601.
467, 821603
List the prime factors of 207090057.
3, 41, 227, 7417
List the prime factors of 311930836.
2, 7, 11140387
List the prime factors of 474919266.
2, 3, 373, 212207
List the prime factors of 1901060739.
3, 70409657
List the prime factors of 38999498.
2, 19499749
List the prime factors of 577327912.
2, 7, 61, 169007
What are the prime factors of 1861270081?
11, 137, 1235083
List the prime factors of 62701874.
2, 41, 764657
What are the prime factors of 2627447393?
17, 154555729
List the prime factors of 1635219819.
3, 19, 1062521
What are the prime factors of 936787840?
2, 5, 59, 24809
What are the prime factors of 3237522123?
3, 11, 98106731
What are the prime factors of 74620499?
74620499
List the prime factors of 33160248.
2, 3, 11, 149, 281
What are the prime factors of 3516454921?
7, 502350703
List the prime factors of 3719555627.
139, 373, 71741
List the prime factors of 223989437.
7, 41, 111493
List the prime factors of 2286809976.
2, 3, 11, 787469
What are the prime factors of 5665199508?
2, 3, 823, 63737
List the prime factors of 256392355.
5, 739, 69389
What are the prime factors of 277437450?
2, 3, 5, 17, 108799
What are the prime factors of 2614251366?
2, 3, 145236187
What are the prime factors of 6730955155?
5, 1747, 770573
What are the prime factors of 1467196854?
2, 3, 244532809
What are the prime factors of 319210883?
1069, 298607
What are the prime factors of 62087059?
113, 549443
What are the prime factors of 179535139?
7, 61, 420457
What are the prime factors of 30166551?
3, 17, 71, 2777
List the prime factors of 30369619.
7, 19, 389, 587
What are the prime factors of 247988854?
2, 353, 351259
What are the prime factors of 3526761621?
3, 2137, 550111
List the prime factors of 596234717.
13, 45864209
What are the prime factors of 38301689?
67, 113, 5059
What are the prime factors of 1228192661?
19, 73, 885503
What are the prime factors of 69026167?
7, 9860881
List the prime factors of 676294993.
11, 29, 59, 35933
List the prime factors of 11858008.
2, 53, 27967
List the prime factors of 155138375.
5, 7, 177301
List the prime factors of 198308731.
198308731
List the prime factors of 276626351.
107, 2585293
List the prime factors of 103478221.
7, 11, 1343873
List the prime factors of 1461428766.
2, 3, 7, 17, 431, 1583
List the prime factors of 20607809.
587, 35107
What are the prime factors of 8609687351?
3121, 2758631
List the prime factors of 261213783.
3, 23, 73, 51859
List the prime factors of 338951400.
2, 3, 5, 564919
List the prime factors of 2652077687.
7, 1319, 287239
What are the prime factors of 67654555?
5, 31, 436481
List the prime factors of 55210406.
2, 27605203
What are the prime factors of 39852001?
7, 241, 23623
List the prime factors of 626568127.
769, 814783
List the prime factors of 42936692.
2, 10734173
What are the prime factors of 236686083?
3, 78895361
List the prime factors of 169821882.
2, 3, 439, 21491
List the prime factors of 243645275.
5, 17, 31, 18493
List the prime factors of 92375432.
2, 11546929
What are the prime factors of 61741108?
2, 11, 13, 19, 23
What are the prime factors of 838479102?
2, 3, 43, 3249919
List the prime factors of 107911224.
2, 3, 179, 2791
What are the prime factors of 83769323?
11, 139, 54787
List the prime factors of 464411243.
19, 59, 414283
What are the prime factors of 3650254720?
2, 5, 7, 814789
What are the prime factors of 952255754?
2, 37, 12868321
What are the prime factors of 170444165?
5, 29, 809, 1453
What are the prime factors of 1014063?
3, 157, 2153
List the prime factors of 62281604.
2, 7, 11, 31, 593
List the prime factors of 869510457.
3, 10734697
What are the prime factors of 62530314?
2, 3, 7, 11, 135347
What are the prime factors of 1140127162?
2, 570063581
What are the prime factors of 40447571?
101, 400471
List the prime factors of 541054131.
3, 29, 59, 105407
List the prime factors of 950515735.
5, 13, 14623319
What are the prime factors of 272114668?
2, 7, 9718381
List the prime factors of 2949623120.
2, 5, 821, 44909
List the prime factors of 67874146.
2, 631, 53783
What are the prime factors of 62431055?
5, 17, 19, 29, 31, 43
What are the prime factors of 394587945?
3, 5, 8768621
List the prime factors of 980906891.
3917, 250423
List the prime factors of 502212976.
2, 31388311
What are the prime factors of 96972468?
2, 3, 47, 171937
List the prime factors of 741629839.
741629839
List the prime factors of 235740386.
2, 7, 23, 139, 229
What are the prime factors of 4415531?
4415531
List the prime factors of 1544097871.
19, 81268309
List the prime factors of 281496166.
2, 7, 17, 1182757
List the prime factors of 955701680.
2, 5, 313, 38167
What are the prime factors of 182577266?
2, 23, 3969071
List the prime factors of 13313322.
2, 3, 11, 31, 241
What are the prime factors of 173736869?
173736869
What are the prime factors of 24711637?
23, 983, 1093
What are the prime factors of 83666050?
2, 5, 13, 128717
List the prime factors of 205017221.
83, 1459, 1693
What are the prime factors of 58879016?
2, 7, 79, 13309
List the prime factors of 217686066.
2, 3, 13, 509, 5483
List the 